{"id":313,"date":"2021-09-21T16:12:10","date_gmt":"2021-09-21T14:12:10","guid":{"rendered":"https:\/\/www.diephaven.org\/?page_id=313"},"modified":"2023-05-27T15:28:28","modified_gmt":"2023-05-27T13:28:28","slug":"dimanche-24-octobre-2021","status":"publish","type":"page","link":"https:\/\/www.impatiences.org\/en\/archives\/festival-diephaven-2021\/dimanche-24-octobre-2021","title":{"rendered":"Diep~Haven 2021 &#8211; Sunday October 24th 2021"},"content":{"rendered":"[vc_row type=&#8221;in_container&#8221; full_screen_row_position=&#8221;middle&#8221; column_margin=&#8221;default&#8221; column_direction=&#8221;default&#8221; column_direction_tablet=&#8221;default&#8221; column_direction_phone=&#8221;default&#8221; scene_position=&#8221;center&#8221; text_color=&#8221;dark&#8221; text_align=&#8221;left&#8221; row_border_radius=&#8221;none&#8221; row_border_radius_applies=&#8221;bg&#8221; overflow=&#8221;visible&#8221; overlay_strength=&#8221;0.3&#8243; gradient_direction=&#8221;left_to_right&#8221; shape_divider_position=&#8221;bottom&#8221; bg_image_animation=&#8221;none&#8221;][vc_column column_padding=&#8221;no-extra-padding&#8221; column_padding_tablet=&#8221;inherit&#8221; column_padding_phone=&#8221;inherit&#8221; column_padding_position=&#8221;all&#8221; column_element_direction_desktop=&#8221;default&#8221; column_element_spacing=&#8221;default&#8221; desktop_text_alignment=&#8221;default&#8221; tablet_text_alignment=&#8221;default&#8221; phone_text_alignment=&#8221;default&#8221; background_color_opacity=&#8221;1&#8243; background_hover_color_opacity=&#8221;1&#8243; column_backdrop_filter=&#8221;none&#8221; column_shadow=&#8221;none&#8221; column_border_radius=&#8221;none&#8221; column_link_target=&#8221;_self&#8221; column_position=&#8221;default&#8221; gradient_direction=&#8221;left_to_right&#8221; overlay_strength=&#8221;0.3&#8243; width=&#8221;1\/1&#8243; tablet_width_inherit=&#8221;default&#8221; animation_type=&#8221;default&#8221; bg_image_animation=&#8221;none&#8221; border_type=&#8221;simple&#8221; column_border_width=&#8221;none&#8221; column_border_style=&#8221;solid&#8221;][nectar_global_section id=&#8221;664&#8243;][\/vc_column][\/vc_row][vc_row type=&#8221;in_container&#8221; full_screen_row_position=&#8221;middle&#8221; column_margin=&#8221;default&#8221; column_direction=&#8221;default&#8221; column_direction_tablet=&#8221;default&#8221; column_direction_phone=&#8221;default&#8221; scene_position=&#8221;center&#8221; text_color=&#8221;dark&#8221; text_align=&#8221;left&#8221; row_border_radius=&#8221;none&#8221; row_border_radius_applies=&#8221;bg&#8221; overflow=&#8221;visible&#8221; class=&#8221;padpage&#8221; overlay_strength=&#8221;0.3&#8243; gradient_direction=&#8221;left_to_right&#8221; shape_divider_position=&#8221;bottom&#8221; bg_image_animation=&#8221;none&#8221; gradient_type=&#8221;default&#8221; shape_type=&#8221;&#8221;][vc_column column_padding=&#8221;no-extra-padding&#8221; column_padding_tablet=&#8221;inherit&#8221; column_padding_phone=&#8221;inherit&#8221; column_padding_position=&#8221;all&#8221; column_element_direction_desktop=&#8221;default&#8221; column_element_spacing=&#8221;default&#8221; desktop_text_alignment=&#8221;default&#8221; tablet_text_alignment=&#8221;default&#8221; phone_text_alignment=&#8221;default&#8221; background_color_opacity=&#8221;1&#8243; background_hover_color_opacity=&#8221;1&#8243; column_backdrop_filter=&#8221;none&#8221; column_shadow=&#8221;none&#8221; column_border_radius=&#8221;none&#8221; column_link_target=&#8221;_self&#8221; column_position=&#8221;default&#8221; gradient_direction=&#8221;left_to_right&#8221; overlay_strength=&#8221;0.3&#8243; width=&#8221;1\/1&#8243; tablet_width_inherit=&#8221;default&#8221; animation_type=&#8221;default&#8221; bg_image_animation=&#8221;none&#8221; border_type=&#8221;simple&#8221; column_border_width=&#8221;none&#8221; column_border_style=&#8221;solid&#8221;][vc_column_text]\n<h3>Sunday, October 24, 2021<\/h3>\n<p style=\"text-align: left;\"><strong>Diep~haven 2021 Festival<\/strong><br \/>\nfestival of ideas and contemporary art<\/p>\n<p><strong>where<\/strong>:<br \/>\nD.S.N. \u2013 Dieppe Sc\u00e8ne Nationale, Normandy<\/p>\n<p><strong>when :<\/strong><br \/>\n2-4pm at D.S.N, Great Hall<br \/>\n6:30-10pm at D.S.N, Great Hall<\/p>\n<p>With <strong>Ludivine Bantigny<\/strong>, historian, <strong>Alexandre Gefen<\/strong>, literary theorist, <strong>No\u00e9mi Lefebvre<\/strong>, writer, poet<\/p>\n<p>&nbsp;<\/p>\n<p class=\"p1\"><strong>2:00-3:00 pm at D.S.N. \u2013 Dieppe Sc\u00e8ne Nationale, Great Hall<\/strong><\/p>\n<div id=\"attachment_237\" style=\"width: 235px\" class=\"wp-caption alignright\"><a class=\"magnific-popup image-link\" href=\"https:\/\/www.impatiences.org\/wp-content\/uploads\/2021\/09\/Alexandre-Gefen.jpeg\" rel=\"prettyPhoto[gallery-BWL7]\"><img loading=\"lazy\" decoding=\"async\" aria-describedby=\"caption-attachment-237\" class=\"espacedroite wp-image-237 size-medium\" src=\"http:\/\/www.impatiences.org\/wp-content\/uploads\/2021\/09\/Alexandre-Gefen-225x300.jpeg\" alt=\"\" width=\"225\" height=\"300\" srcset=\"https:\/\/www.impatiences.org\/wp-content\/uploads\/2021\/09\/Alexandre-Gefen-225x300.jpeg 225w, https:\/\/www.impatiences.org\/wp-content\/uploads\/2021\/09\/Alexandre-Gefen-767x1024.jpeg 767w, https:\/\/www.impatiences.org\/wp-content\/uploads\/2021\/09\/Alexandre-Gefen-768x1025.jpeg 768w, https:\/\/www.impatiences.org\/wp-content\/uploads\/2021\/09\/Alexandre-Gefen.jpeg 959w\" sizes=\"auto, (max-width: 225px) 100vw, 225px\" \/><\/a><p id=\"caption-attachment-237\" class=\"wp-caption-text\">Alexandre Gefen, literature theorist<\/p><\/div>\n<p class=\"p1\"><strong>Politics of literature<br \/>\nConference and meeting with Alexandre Gefen<\/strong><br \/>\n&#8220;After having despaired of political commitment and action, the return of writers to the city is a major inflection in contemporary literature. Whether it is to defend ecological or feminist causes, to promote social and environmental justice, to go into the field to work with the invisible and the dominated, or on the contrary to defend cultural identities, the repoliticization of contemporary literature is multifaceted and manifest. It is on this bifurcation that I propose to reflect.&#8221; (A.G.)<br \/>\nDirector of research at the CNRS unit &#8220;Theory and History of Modern Art and Literature&#8221; (UMR7172, THALIM, CNRS \/ Universit\u00e9 Sorbonne Nouvelle &#8211; Paris 3), <strong>Alexandre Gefen<\/strong> works on the history of ideas and contemporary literature, epistemology and literary theory.\u00a0Founder of the Fabula.org website, he is also interested in digital humanities, networked writing and popular cultures.\u00a0He is also a literary critic.\u00a0Latest publications: <em>R\u00e9parer le monde. La litt\u00e9rature fran\u00e7aise face au XXIe si\u00e8cle<\/em>, Corti, 2017. With Sandra Laugier, <em>Le Pouvoir des liens faibles<\/em>, CNRS \u00e9ditions, 2002.\u00a0<em>Territoires de la non-fiction<\/em>, Brill, 2020. With Olivier Bessard-Banquy and Sylvie Ducas, <em>Best-sellers. L&#8217;industrie du succ\u00e8s<\/em>, Armand Colin, 2021. <em>L\u2019id\u00e9e de litt\u00e9rature. De l\u2019art pour l\u2019art aux\u00a0\u00e9critures d\u2019intervention<\/em>, Corti, 2021.<\/p>\n<p><span class=\"Apple-converted-space\"><strong>3:00-4:00 pm at D.S.N. \u2013 Dieppe Sc\u00e8ne Nationale, Great Hall<\/strong><\/span><\/p>\n<div id=\"attachment_238\" style=\"width: 266px\" class=\"wp-caption alignleft\"><a class=\"magnific-popup image-link\" href=\"https:\/\/www.impatiences.org\/wp-content\/uploads\/2021\/09\/ludivine-bantigny.png\" rel=\"prettyPhoto[gallery-BWL7]\"><img loading=\"lazy\" decoding=\"async\" aria-describedby=\"caption-attachment-238\" class=\"espacegauche wp-image-238\" src=\"https:\/\/www.impatiences.org\/wp-content\/uploads\/2021\/09\/ludivine-bantigny-300x300.png\" alt=\"\" width=\"256\" height=\"256\" \/><\/a><p id=\"caption-attachment-238\" class=\"wp-caption-text\">Ludivine Bantigny, historian<\/p><\/div>\n<p class=\"p1\"><strong>Ludivine Bantigny<\/strong> is a historian. She is a lecturer in contemporary history at the University of Rouen-Normandy and a specialist in the history of May &#8217;68 and the contingent during the Algerian War.<\/p>\n<p>&nbsp;<\/p>\n<p>&nbsp;<\/p>\n<p>&nbsp;<\/p>\n<p>&nbsp;<\/p>\n<p>&nbsp;<\/p>\n<p><strong>6:30-10pm at D.S.N. \u2013 Dieppe Sc\u00e8ne Nationale, Great Hall<\/strong><\/p>\n<div id=\"attachment_232\" style=\"width: 219px\" class=\"wp-caption alignright\"><a class=\"magnific-popup image-link\" href=\"https:\/\/www.impatiences.org\/wp-content\/uploads\/2021\/09\/Noemi-Lefebvre.jpeg\" rel=\"prettyPhoto[gallery-BWL7]\"><img loading=\"lazy\" decoding=\"async\" aria-describedby=\"caption-attachment-232\" class=\"espacedroite wp-image-232 size-medium\" src=\"http:\/\/www.impatiences.org\/wp-content\/uploads\/2021\/09\/Noemi-Lefebvre-209x300.jpeg\" alt=\"\" width=\"209\" height=\"300\" srcset=\"https:\/\/www.impatiences.org\/wp-content\/uploads\/2021\/09\/Noemi-Lefebvre-209x300.jpeg 209w, https:\/\/www.impatiences.org\/wp-content\/uploads\/2021\/09\/Noemi-Lefebvre.jpeg 357w\" sizes=\"auto, (max-width: 209px) 100vw, 209px\" \/><\/a><p id=\"caption-attachment-232\" class=\"wp-caption-text\">No\u00e9mi Lefebvre, writer, poet<\/p><\/div>\n<p><strong>Words words words words &#8211; No\u00e9mi Lefebvre<\/strong><br \/>\n&#8220;To give to distribute to attribute to grant to obtain to carry to have to keep to appropriate to monopolise to address to pass to cut to return to lose to limit to take the word, \u00a0to speak not to be silent or to speak to speak, for what good, to say what, to make what?<br \/>\nTo carry the verb &#8220;to be&#8221; high by knowing how to say, to have the art of language, to measure what speaking means, to master forms and formulas and yet to say nothing.Or to make no point or to make it heard and yet to really speak about something important and urgent.<br \/>\nIs the power of poetic speech in the absence of performative intention? Starting with an improvised setting of Parle, we will try to take language back to zero and we will ask ourselves how to hear what does not speak, why speak, how to say what to do, how to act in order not to remain silent, whether we should speak about everything or nothing and whether we have not, in the end, spoken too much.<br \/>\nReading and words in free improvisation&#8221;. No\u00e9mi Lefebvre<\/p>\n<p class=\"p1\">Born in 1964 in Caen, <strong>No\u00e9mi Lefebvre<\/strong> lives in Lyon. With Verticales, she has published four fictions that have been well received critically and abroad: <em>L&#8217;Autoportrait bleu<\/em> (2009; translated into Italian by Safara, in English by Sophie Lewis, published by Les Fugitives\/London and Transit Books\/USA, Canada, 2017), <em>L&#8217;Etat des sentiments \u00e0 l&#8217;\u00e2ge adulte<\/em> (2012), <em>L&#8217;enfance politique<\/em> (2015), <em>Po\u00e9tique de l&#8217;emploi<\/em> (2017, translated into English by Sophie Lewis, ed. <em>Les Fugitives<\/em>, to be published in February 2021), <em>Parler<\/em> followed by <em>Tais-toi<\/em> (2021)<\/p>\n<p>&nbsp;<\/p>\n<p>&nbsp;<\/p>\n<p>&nbsp;<\/p>\n<p>&nbsp;<\/p>\n[\/vc_column_text][\/vc_column][\/vc_row]","protected":false},"excerpt":{"rendered":"<p>[vc_row type=&#8221;in_container&#8221; full_screen_row_position=&#8221;middle&#8221; column_margin=&#8221;default&#8221; column_direction=&#8221;default&#8221; column_direction_tablet=&#8221;default&#8221; column_direction_phone=&#8221;default&#8221; scene_position=&#8221;center&#8221; text_color=&#8221;dark&#8221; text_align=&#8221;left&#8221; row_border_radius=&#8221;none&#8221; row_border_radius_applies=&#8221;bg&#8221; overflow=&#8221;visible&#8221; overlay_strength=&#8221;0.3&#8243; gradient_direction=&#8221;left_to_right&#8221; shape_divider_position=&#8221;bottom&#8221; bg_image_animation=&#8221;none&#8221;][vc_column column_padding=&#8221;no-extra-padding&#8221;&#8230;<\/p>\n","protected":false},"author":1,"featured_media":0,"parent":220,"menu_order":3,"comment_status":"closed","ping_status":"closed","template":"","meta":{"footnotes":""},"categories":[],"tags":[],"class_list":["post-313","page","type-page","status-publish"],"aioseo_notices":[],"_links":{"self":[{"href":"https:\/\/www.impatiences.org\/en\/wp-json\/wp\/v2\/pages\/313","targetHints":{"allow":["GET"]}}],"collection":[{"href":"https:\/\/www.impatiences.org\/en\/wp-json\/wp\/v2\/pages"}],"about":[{"href":"https:\/\/www.impatiences.org\/en\/wp-json\/wp\/v2\/types\/page"}],"author":[{"embeddable":true,"href":"https:\/\/www.impatiences.org\/en\/wp-json\/wp\/v2\/users\/1"}],"replies":[{"embeddable":true,"href":"https:\/\/www.impatiences.org\/en\/wp-json\/wp\/v2\/comments?post=313"}],"version-history":[{"count":0,"href":"https:\/\/www.impatiences.org\/en\/wp-json\/wp\/v2\/pages\/313\/revisions"}],"up":[{"embeddable":true,"href":"https:\/\/www.impatiences.org\/en\/wp-json\/wp\/v2\/pages\/220"}],"wp:attachment":[{"href":"https:\/\/www.impatiences.org\/en\/wp-json\/wp\/v2\/media?parent=313"}],"wp:term":[{"taxonomy":"category","embeddable":true,"href":"https:\/\/www.impatiences.org\/en\/wp-json\/wp\/v2\/categories?post=313"},{"taxonomy":"post_tag","embeddable":true,"href":"https:\/\/www.impatiences.org\/en\/wp-json\/wp\/v2\/tags?post=313"}],"curies":[{"name":"wp","href":"https:\/\/api.w.org\/{rel}","templated":true}]}}

[vc_row type=&#8221;in_container&#8221; full_screen_row_position=&#8221;middle&#8221; column_margin=&#8221;default&#8221; column_direction=&#8221;default&#8221; column_direction_tablet=&#8221;default&#8221; column_direction_phone=&#8221;default&#8221; scene_position=&#8221;center&#8221; text_color=&#8221;dark&#8221; text_align=&#8221;left&#8221; row_border_radius=&#8221;none&#8221; row_border_radius_applies=&#8221;bg&#8221; overflow=&#8221;visible&#8221; overlay_strength=&#8221;0.3&#8243; gradient_direction=&#8221;left_to_right&#8221; shape_divider_position=&#8221;bottom&#8221; bg_image_animation=&#8221;none&#8221;][vc_column column_padding=&#8221;no-extra-padding&#8221; column_padding_tablet=&#8221;inherit&#8221; column_padding_phone=&#8221;inherit&#8221; column_padding_position=&#8221;all&#8221; column_element_direction_desktop=&#8221;default&#8221; column_element_spacing=&#8221;default&#8221; desktop_text_alignment=&#8221;default&#8221; tablet_text_alignment=&#8221;default&#8221; phone_text_alignment=&#8221;default&#8221; background_color_opacity=&#8221;1&#8243; background_hover_color_opacity=&#8221;1&#8243; column_backdrop_filter=&#8221;none&#8221; column_shadow=&#8221;none&#8221; column_border_radius=&#8221;none&#8221; column_link_target=&#8221;_self&#8221; column_position=&#8221;default&#8221; gradient_direction=&#8221;left_to_right&#8221; overlay_strength=&#8221;0.3&#8243; width=&#8221;1/1&#8243; tablet_width_inherit=&#8221;default&#8221; animation_type=&#8221;default&#8221; bg_image_animation=&#8221;none&#8221; border_type=&#8221;simple&#8221; column_border_width=&#8221;none&#8221; column_border_style=&#8221;solid&#8221;][nectar_global_section id=&#8221;664&#8243;][/vc_column][/vc_row][vc_row type=&#8221;in_container&#8221; full_screen_row_position=&#8221;middle&#8221; column_margin=&#8221;default&#8221; column_direction=&#8221;default&#8221; column_direction_tablet=&#8221;default&#8221; column_direction_phone=&#8221;default&#8221; scene_position=&#8221;center&#8221; text_color=&#8221;dark&#8221; text_align=&#8221;left&#8221; row_border_radius=&#8221;none&#8221; row_border_radius_applies=&#8221;bg&#8221; overflow=&#8221;visible&#8221; class=&#8221;padpage&#8221; overlay_strength=&#8221;0.3&#8243; gradient_direction=&#8221;left_to_right&#8221; shape_divider_position=&#8221;bottom&#8221; bg_image_animation=&#8221;none&#8221; gradient_type=&#8221;default&#8221; shape_type=&#8221;&#8221;][vc_column column_padding=&#8221;no-extra-padding&#8221; column_padding_tablet=&#8221;inherit&#8221; column_padding_phone=&#8221;inherit&#8221; column_padding_position=&#8221;all&#8221; column_element_direction_desktop=&#8221;default&#8221; column_element_spacing=&#8221;default&#8221; desktop_text_alignment=&#8221;default&#8221; tablet_text_alignment=&#8221;default&#8221; phone_text_alignment=&#8221;default&#8221; background_color_opacity=&#8221;1&#8243; background_hover_color_opacity=&#8221;1&#8243; column_backdrop_filter=&#8221;none&#8221; column_shadow=&#8221;none&#8221; column_border_radius=&#8221;none&#8221; column_link_target=&#8221;_self&#8221; column_position=&#8221;default&#8221; gradient_direction=&#8221;left_to_right&#8221; overlay_strength=&#8221;0.3&#8243; width=&#8221;1/1&#8243; tablet_width_inherit=&#8221;default&#8221; animation_type=&#8221;default&#8221; bg_image_animation=&#8221;none&#8221; border_type=&#8221;simple&#8221; column_border_width=&#8221;none&#8221; column_border_style=&#8221;solid&#8221;][vc_column_text]
<h3>Sunday, October 24, 2021</h3>
<p style="text-align: left;"><strong>Diep~haven 2021 Festival</strong><br />
festival of ideas and contemporary art</p>
<p><strong>where</strong>:<br />
D.S.N. – Dieppe Scène Nationale, Normandy</p>
<p><strong>when :</strong><br />
2-4pm at D.S.N, Great Hall<br />
6:30-10pm at D.S.N, Great Hall</p>
<p>With <strong>Ludivine Bantigny</strong>, historian, <strong>Alexandre Gefen</strong>, literary theorist, <strong>Noémi Lefebvre</strong>, writer, poet</p>
<p>&nbsp;</p>
<p class="p1"><strong>2:00-3:00 pm at D.S.N. – Dieppe Scène Nationale, Great Hall</strong></p>
<div id="attachment_237" style="width: 235px" class="wp-caption alignright"><a class="magnific-popup image-link" href="https://www.impatiences.org/wp-content/uploads/2021/09/Alexandre-Gefen.jpeg" rel="prettyPhoto[gallery-BWL7]"><img loading="lazy" decoding="async" aria-describedby="caption-attachment-237" class="espacedroite wp-image-237 size-medium" src="http://www.impatiences.org/wp-content/uploads/2021/09/Alexandre-Gefen-225x300.jpeg" alt="" width="225" height="300" srcset="https://www.impatiences.org/wp-content/uploads/2021/09/Alexandre-Gefen-225x300.jpeg 225w, https://www.impatiences.org/wp-content/uploads/2021/09/Alexandre-Gefen-767x1024.jpeg 767w, https://www.impatiences.org/wp-content/uploads/2021/09/Alexandre-Gefen-768x1025.jpeg 768w, https://www.impatiences.org/wp-content/uploads/2021/09/Alexandre-Gefen.jpeg 959w" sizes="auto, (max-width: 225px) 100vw, 225px" /></a><p id="caption-attachment-237" class="wp-caption-text">Alexandre Gefen, literature theorist</p></div>
<p class="p1"><strong>Politics of literature<br />
Conference and meeting with Alexandre Gefen</strong><br />
&#8220;After having despaired of political commitment and action, the return of writers to the city is a major inflection in contemporary literature. Whether it is to defend ecological or feminist causes, to promote social and environmental justice, to go into the field to work with the invisible and the dominated, or on the contrary to defend cultural identities, the repoliticization of contemporary literature is multifaceted and manifest. It is on this bifurcation that I propose to reflect.&#8221; (A.G.)<br />
Director of research at the CNRS unit &#8220;Theory and History of Modern Art and Literature&#8221; (UMR7172, THALIM, CNRS / Université Sorbonne Nouvelle &#8211; Paris 3), <strong>Alexandre Gefen</strong> works on the history of ideas and contemporary literature, epistemology and literary theory. Founder of the Fabula.org website, he is also interested in digital humanities, networked writing and popular cultures. He is also a literary critic. Latest publications: <em>Réparer le monde. La littérature française face au XXIe siècle</em>, Corti, 2017. With Sandra Laugier, <em>Le Pouvoir des liens faibles</em>, CNRS éditions, 2002. <em>Territoires de la non-fiction</em>, Brill, 2020. With Olivier Bessard-Banquy and Sylvie Ducas, <em>Best-sellers. L&#8217;industrie du succès</em>, Armand Colin, 2021. <em>L’idée de littérature. De l’art pour l’art aux écritures d’intervention</em>, Corti, 2021.</p>
<p><span class="Apple-converted-space"><strong>3:00-4:00 pm at D.S.N. – Dieppe Scène Nationale, Great Hall</strong></span></p>
<div id="attachment_238" style="width: 266px" class="wp-caption alignleft"><a class="magnific-popup image-link" href="https://www.impatiences.org/wp-content/uploads/2021/09/ludivine-bantigny.png" rel="prettyPhoto[gallery-BWL7]"><img loading="lazy" decoding="async" aria-describedby="caption-attachment-238" class="espacegauche wp-image-238" src="https://www.impatiences.org/wp-content/uploads/2021/09/ludivine-bantigny-300x300.png" alt="" width="256" height="256" /></a><p id="caption-attachment-238" class="wp-caption-text">Ludivine Bantigny, historian</p></div>
<p class="p1"><strong>Ludivine Bantigny</strong> is a historian. She is a lecturer in contemporary history at the University of Rouen-Normandy and a specialist in the history of May &#8217;68 and the contingent during the Algerian War.</p>
<p>&nbsp;</p>
<p>&nbsp;</p>
<p>&nbsp;</p>
<p>&nbsp;</p>
<p>&nbsp;</p>
<p><strong>6:30-10pm at D.S.N. – Dieppe Scène Nationale, Great Hall</strong></p>
<div id="attachment_232" style="width: 219px" class="wp-caption alignright"><a class="magnific-popup image-link" href="https://www.impatiences.org/wp-content/uploads/2021/09/Noemi-Lefebvre.jpeg" rel="prettyPhoto[gallery-BWL7]"><img loading="lazy" decoding="async" aria-describedby="caption-attachment-232" class="espacedroite wp-image-232 size-medium" src="http://www.impatiences.org/wp-content/uploads/2021/09/Noemi-Lefebvre-209x300.jpeg" alt="" width="209" height="300" srcset="https://www.impatiences.org/wp-content/uploads/2021/09/Noemi-Lefebvre-209x300.jpeg 209w, https://www.impatiences.org/wp-content/uploads/2021/09/Noemi-Lefebvre.jpeg 357w" sizes="auto, (max-width: 209px) 100vw, 209px" /></a><p id="caption-attachment-232" class="wp-caption-text">Noémi Lefebvre, writer, poet</p></div>
<p><strong>Words words words words &#8211; Noémi Lefebvre</strong><br />
&#8220;To give to distribute to attribute to grant to obtain to carry to have to keep to appropriate to monopolise to address to pass to cut to return to lose to limit to take the word,  to speak not to be silent or to speak to speak, for what good, to say what, to make what?<br />
To carry the verb &#8220;to be&#8221; high by knowing how to say, to have the art of language, to measure what speaking means, to master forms and formulas and yet to say nothing.Or to make no point or to make it heard and yet to really speak about something important and urgent.<br />
Is the power of poetic speech in the absence of performative intention? Starting with an improvised setting of Parle, we will try to take language back to zero and we will ask ourselves how to hear what does not speak, why speak, how to say what to do, how to act in order not to remain silent, whether we should speak about everything or nothing and whether we have not, in the end, spoken too much.<br />
Reading and words in free improvisation&#8221;. Noémi Lefebvre</p>
<p class="p1">Born in 1964 in Caen, <strong>Noémi Lefebvre</strong> lives in Lyon. With Verticales, she has published four fictions that have been well received critically and abroad: <em>L&#8217;Autoportrait bleu</em> (2009; translated into Italian by Safara, in English by Sophie Lewis, published by Les Fugitives/London and Transit Books/USA, Canada, 2017), <em>L&#8217;Etat des sentiments à l&#8217;âge adulte</em> (2012), <em>L&#8217;enfance politique</em> (2015), <em>Poétique de l&#8217;emploi</em> (2017, translated into English by Sophie Lewis, ed. <em>Les Fugitives</em>, to be published in February 2021), <em>Parler</em> followed by <em>Tais-toi</em> (2021)</p>
<p>&nbsp;</p>
<p>&nbsp;</p>
<p>&nbsp;</p>
<p>&nbsp;</p>
[/vc_column_text][/vc_column][/vc_row]
